{"id":7235,"date":"2024-07-01T14:28:38","date_gmt":"2024-07-01T14:28:38","guid":{"rendered":"https:\/\/timeinnportugal.com\/product\/a-carvalheira\/"},"modified":"2024-07-01T14:28:38","modified_gmt":"2024-07-01T14:28:38","slug":"a-carvalheira","status":"publish","type":"product","link":"https:\/\/timeinnportugal.com\/pt-pt\/produto\/a-carvalheira\/","title":{"rendered":"A Carvalheira"},"content":{"rendered":"<p>A Carvalheira abriu as suas portas em 1995. Da\u00ed para c\u00e1 constru\u00edu uma reputa\u00e7\u00e3o \u00fanica na gastronomia portuguesa, em particular, representativa do Alto Minho. Em 2014 inicia uma nova etapa com a mudan\u00e7a para um novo espa\u00e7o que oferece mais e melhores condi\u00e7\u00f5es, quer seja uma refei\u00e7\u00e3o a dois, em fam\u00edlia ou com o seu grupo de amigos.<br \/>\nEstamos \u00e0 sua espera, como sempre, com o mesmo esp\u00edrito para lhe oferecer a melhor experi\u00eancia gastron\u00f3mica.<\/p>\n","protected":false},"excerpt":{"rendered":"<p>A Carvalheira abriu as suas portas em 1995. Da\u00ed para c\u00e1 constru\u00edu uma reputa\u00e7\u00e3o \u00fanica na gastronomia portuguesa, em particular, representativa do Alto Minho. Em 2014 inicia uma nova etapa com a mudan\u00e7a para um novo espa\u00e7o que oferece mais e melhores condi\u00e7\u00f5es, quer seja uma refei\u00e7\u00e3o a dois, em fam\u00edlia ou com o seu [&hellip;]<\/p>\n","protected":false},"featured_media":0,"comment_status":"open","ping_status":"closed","template":"","meta":[],"product_brand":[],"product_cat":[20],"product_tag":[],"class_list":{"0":"post-7235","1":"product","2":"type-product","3":"status-publish","5":"product_cat-listeo-booking","7":"first","8":"instock","9":"virtual","10":"sold-individually","11":"purchasable","12":"product-type-listing_booking"},"jetpack_sharing_enabled":true,"_links":{"self":[{"href":"https:\/\/timeinnportugal.com\/pt-pt\/wp-json\/wp\/v2\/product\/7235","targetHints":{"allow":["GET"]}}],"collection":[{"href":"https:\/\/timeinnportugal.com\/pt-pt\/wp-json\/wp\/v2\/product"}],"about":[{"href":"https:\/\/timeinnportugal.com\/pt-pt\/wp-json\/wp\/v2\/types\/product"}],"replies":[{"embeddable":true,"href":"https:\/\/timeinnportugal.com\/pt-pt\/wp-json\/wp\/v2\/comments?post=7235"}],"wp:attachment":[{"href":"https:\/\/timeinnportugal.com\/pt-pt\/wp-json\/wp\/v2\/media?parent=7235"}],"wp:term":[{"taxonomy":"product_brand","embeddable":true,"href":"https:\/\/timeinnportugal.com\/pt-pt\/wp-json\/wp\/v2\/product_brand?post=7235"},{"taxonomy":"product_cat","embeddable":true,"href":"https:\/\/timeinnportugal.com\/pt-pt\/wp-json\/wp\/v2\/product_cat?post=7235"},{"taxonomy":"product_tag","embeddable":true,"href":"https:\/\/timeinnportugal.com\/pt-pt\/wp-json\/wp\/v2\/product_tag?post=7235"}],"curies":[{"name":"wp","href":"https:\/\/api.w.org\/{rel}","templated":true}]}}

<p>A Carvalheira abriu as suas portas em 1995. Daí para cá construíu uma reputação única na gastronomia portuguesa, em particular, representativa do Alto Minho. Em 2014 inicia uma nova etapa com a mudança para um novo espaço que oferece mais e melhores condições, quer seja uma refeição a dois, em família ou com o seu grupo de amigos.<br />
Estamos à sua espera, como sempre, com o mesmo espírito para lhe oferecer a melhor experiência gastronómica.</p>

<p>A Carvalheira abriu as suas portas em 1995. Daí para cá construíu uma reputação única na gastronomia portuguesa, em particular, representativa do Alto Minho. Em 2014 inicia uma nova etapa com a mudança para um novo espaço que oferece mais e melhores condições, quer seja uma refeição a dois, em família ou com o seu [&hellip;]</p>
