{"id":4930,"date":"2024-06-24T11:22:13","date_gmt":"2024-06-24T11:22:13","guid":{"rendered":"https:\/\/timeinnportugal.com\/product\/a-luz-ideal\/"},"modified":"2024-06-24T11:22:13","modified_gmt":"2024-06-24T11:22:13","slug":"a-luz-ideal","status":"publish","type":"product","link":"https:\/\/timeinnportugal.com\/pt-pt\/produto\/a-luz-ideal\/","title":{"rendered":"A Luz Ideal"},"content":{"rendered":"<p>A Luz Ideal\u00a0\u00e9 um caf\u00e9 com grandes janelas e com vista para o bairro que gost\u00e1vamos de ter.\u00a0A Luz Ideal\u00a0\u00e9 a que entra por estas janelas.<\/p>\n","protected":false},"excerpt":{"rendered":"<p>A Luz Ideal\u00a0\u00e9 um caf\u00e9 com grandes janelas e com vista para o bairro que gost\u00e1vamos de ter.\u00a0A Luz Ideal\u00a0\u00e9 a que entra por estas janelas.<\/p>\n","protected":false},"featured_media":0,"comment_status":"open","ping_status":"closed","template":"","meta":[],"product_brand":[],"product_cat":[20],"product_tag":[],"class_list":{"0":"post-4930","1":"product","2":"type-product","3":"status-publish","5":"product_cat-listeo-booking","7":"first","8":"instock","9":"virtual","10":"sold-individually","11":"purchasable","12":"product-type-listing_booking"},"jetpack_sharing_enabled":true,"_links":{"self":[{"href":"https:\/\/timeinnportugal.com\/pt-pt\/wp-json\/wp\/v2\/product\/4930","targetHints":{"allow":["GET"]}}],"collection":[{"href":"https:\/\/timeinnportugal.com\/pt-pt\/wp-json\/wp\/v2\/product"}],"about":[{"href":"https:\/\/timeinnportugal.com\/pt-pt\/wp-json\/wp\/v2\/types\/product"}],"replies":[{"embeddable":true,"href":"https:\/\/timeinnportugal.com\/pt-pt\/wp-json\/wp\/v2\/comments?post=4930"}],"wp:attachment":[{"href":"https:\/\/timeinnportugal.com\/pt-pt\/wp-json\/wp\/v2\/media?parent=4930"}],"wp:term":[{"taxonomy":"product_brand","embeddable":true,"href":"https:\/\/timeinnportugal.com\/pt-pt\/wp-json\/wp\/v2\/product_brand?post=4930"},{"taxonomy":"product_cat","embeddable":true,"href":"https:\/\/timeinnportugal.com\/pt-pt\/wp-json\/wp\/v2\/product_cat?post=4930"},{"taxonomy":"product_tag","embeddable":true,"href":"https:\/\/timeinnportugal.com\/pt-pt\/wp-json\/wp\/v2\/product_tag?post=4930"}],"curies":[{"name":"wp","href":"https:\/\/api.w.org\/{rel}","templated":true}]}}

<p>A Luz Ideal é um café com grandes janelas e com vista para o bairro que gostávamos de ter. A Luz Ideal é a que entra por estas janelas.</p>
