{"id":6725,"date":"2024-06-29T17:56:00","date_gmt":"2024-06-29T17:56:00","guid":{"rendered":"https:\/\/timeinnportugal.com\/product\/refugio-do-ciclista\/"},"modified":"2024-06-29T17:56:00","modified_gmt":"2024-06-29T17:56:00","slug":"refugio-do-ciclista","status":"publish","type":"product","link":"https:\/\/timeinnportugal.com\/fr\/produit\/refugio-do-ciclista\/","title":{"rendered":"Ref\u00fagio do Ciclista"},"content":{"rendered":"<p>O Ref\u00fagio do Ciclista \u00e9 uma t\u00edpica tasca \u00e0 portuguesa onde se come bem com pre\u00e7os acess\u00edveis localizado numa vila pequena muito engra\u00e7ada.<\/p>\n","protected":false},"excerpt":{"rendered":"<p>O Ref\u00fagio do Ciclista \u00e9 uma t\u00edpica tasca \u00e0 portuguesa onde se come bem com pre\u00e7os acess\u00edveis localizado numa vila pequena muito engra\u00e7ada.<\/p>\n","protected":false},"featured_media":0,"comment_status":"open","ping_status":"closed","template":"","meta":[],"product_brand":[],"product_cat":[20],"product_tag":[],"class_list":{"0":"post-6725","1":"product","2":"type-product","3":"status-publish","5":"product_cat-listeo-booking","7":"first","8":"instock","9":"virtual","10":"sold-individually","11":"purchasable","12":"product-type-listing_booking"},"jetpack_sharing_enabled":true,"_links":{"self":[{"href":"https:\/\/timeinnportugal.com\/fr\/wp-json\/wp\/v2\/product\/6725","targetHints":{"allow":["GET"]}}],"collection":[{"href":"https:\/\/timeinnportugal.com\/fr\/wp-json\/wp\/v2\/product"}],"about":[{"href":"https:\/\/timeinnportugal.com\/fr\/wp-json\/wp\/v2\/types\/product"}],"replies":[{"embeddable":true,"href":"https:\/\/timeinnportugal.com\/fr\/wp-json\/wp\/v2\/comments?post=6725"}],"wp:attachment":[{"href":"https:\/\/timeinnportugal.com\/fr\/wp-json\/wp\/v2\/media?parent=6725"}],"wp:term":[{"taxonomy":"product_brand","embeddable":true,"href":"https:\/\/timeinnportugal.com\/fr\/wp-json\/wp\/v2\/product_brand?post=6725"},{"taxonomy":"product_cat","embeddable":true,"href":"https:\/\/timeinnportugal.com\/fr\/wp-json\/wp\/v2\/product_cat?post=6725"},{"taxonomy":"product_tag","embeddable":true,"href":"https:\/\/timeinnportugal.com\/fr\/wp-json\/wp\/v2\/product_tag?post=6725"}],"curies":[{"name":"wp","href":"https:\/\/api.w.org\/{rel}","templated":true}]}}

Refúgio do Ciclista

<p>O Refúgio do Ciclista é uma típica tasca à portuguesa onde se come bem com preços acessíveis localizado numa vila pequena muito engraçada.</p>
