{"id":5394,"date":"2024-06-26T10:41:49","date_gmt":"2024-06-26T10:41:49","guid":{"rendered":"https:\/\/timeinnportugal.com\/?post_type=listing&#038;p=5394"},"modified":"2024-06-26T10:41:49","modified_gmt":"2024-06-26T10:41:49","slug":"santini-cascais-valbom","status":"publish","type":"listing","link":"https:\/\/timeinnportugal.com\/fr\/listing\/santini-cascais-valbom\/","title":{"rendered":"Santini &#8211; Cascais Valbom"},"content":{"rendered":"<p>H\u00e1 mais de sessenta anos, no Tamariz e talvez sem ter na altura a no\u00e7\u00e3o da dimens\u00e3o do seu gesto, Attilio Santini abriu as portas da mais conhecida geladaria portuguesa.<\/p>\n","protected":false},"author":1,"featured_media":5384,"comment_status":"open","ping_status":"closed","template":"","meta":[],"listing_category":[21],"event_category":[],"service_category":[137],"rental_category":[],"classifieds_category":[],"listing_feature":[],"region":[142],"class_list":["post-5394","listing","type-listing","status-publish","has-post-thumbnail","hentry","listing_category-eat-drink","service_category-contemporary","region-cascais"],"jetpack_sharing_enabled":true,"_links":{"self":[{"href":"https:\/\/timeinnportugal.com\/fr\/wp-json\/wp\/v2\/listing\/5394","targetHints":{"allow":["GET"]}}],"collection":[{"href":"https:\/\/timeinnportugal.com\/fr\/wp-json\/wp\/v2\/listing"}],"about":[{"href":"https:\/\/timeinnportugal.com\/fr\/wp-json\/wp\/v2\/types\/listing"}],"author":[{"embeddable":true,"href":"https:\/\/timeinnportugal.com\/fr\/wp-json\/wp\/v2\/users\/1"}],"replies":[{"embeddable":true,"href":"https:\/\/timeinnportugal.com\/fr\/wp-json\/wp\/v2\/comments?post=5394"}],"version-history":[{"count":1,"href":"https:\/\/timeinnportugal.com\/fr\/wp-json\/wp\/v2\/listing\/5394\/revisions"}],"predecessor-version":[{"id":5395,"href":"https:\/\/timeinnportugal.com\/fr\/wp-json\/wp\/v2\/listing\/5394\/revisions\/5395"}],"wp:featuredmedia":[{"embeddable":true,"href":"https:\/\/timeinnportugal.com\/fr\/wp-json\/wp\/v2\/media\/5384"}],"wp:attachment":[{"href":"https:\/\/timeinnportugal.com\/fr\/wp-json\/wp\/v2\/media?parent=5394"}],"wp:term":[{"taxonomy":"listing_category","embeddable":true,"href":"https:\/\/timeinnportugal.com\/fr\/wp-json\/wp\/v2\/listing_category?post=5394"},{"taxonomy":"event_category","embeddable":true,"href":"https:\/\/timeinnportugal.com\/fr\/wp-json\/wp\/v2\/event_category?post=5394"},{"taxonomy":"service_category","embeddable":true,"href":"https:\/\/timeinnportugal.com\/fr\/wp-json\/wp\/v2\/service_category?post=5394"},{"taxonomy":"rental_category","embeddable":true,"href":"https:\/\/timeinnportugal.com\/fr\/wp-json\/wp\/v2\/rental_category?post=5394"},{"taxonomy":"classifieds_category","embeddable":true,"href":"https:\/\/timeinnportugal.com\/fr\/wp-json\/wp\/v2\/classifieds_category?post=5394"},{"taxonomy":"listing_feature","embeddable":true,"href":"https:\/\/timeinnportugal.com\/fr\/wp-json\/wp\/v2\/listing_feature?post=5394"},{"taxonomy":"region","embeddable":true,"href":"https:\/\/timeinnportugal.com\/fr\/wp-json\/wp\/v2\/region?post=5394"}],"curies":[{"name":"wp","href":"https:\/\/api.w.org\/{rel}","templated":true}]}}

<p>Há mais de sessenta anos, no Tamariz e talvez sem ter na altura a noção da dimensão do seu gesto, Attilio Santini abriu as portas da mais conhecida geladaria portuguesa.</p>
