{"id":4714,"date":"2024-06-20T10:59:54","date_gmt":"2024-06-20T10:59:54","guid":{"rendered":"https:\/\/timeinnportugal.com\/?post_type=listing&#038;p=4714"},"modified":"2024-06-20T10:59:54","modified_gmt":"2024-06-20T10:59:54","slug":"luz-by-chakall","status":"publish","type":"listing","link":"https:\/\/timeinnportugal.com\/fr\/listing\/luz-by-chakall\/","title":{"rendered":"Luz by Chakall"},"content":{"rendered":"<p>Localizado no Est\u00e1dio do Sport Lisboa e Benfica, Luz by Chakall \u00e9 mais do que um restaurante. Traz para a mesa os sabores do mundo e a gastronomia internacional para um palco de emo\u00e7\u00f5es indescrit\u00edvel.<\/p>\n","protected":false},"author":1,"featured_media":4680,"comment_status":"open","ping_status":"closed","template":"","meta":[],"listing_category":[21],"event_category":[],"service_category":[137],"rental_category":[],"classifieds_category":[],"listing_feature":[],"region":[34],"class_list":["post-4714","listing","type-listing","status-publish","has-post-thumbnail","hentry","listing_category-eat-drink","service_category-contemporary","region-lisboa"],"jetpack_sharing_enabled":true,"_links":{"self":[{"href":"https:\/\/timeinnportugal.com\/fr\/wp-json\/wp\/v2\/listing\/4714","targetHints":{"allow":["GET"]}}],"collection":[{"href":"https:\/\/timeinnportugal.com\/fr\/wp-json\/wp\/v2\/listing"}],"about":[{"href":"https:\/\/timeinnportugal.com\/fr\/wp-json\/wp\/v2\/types\/listing"}],"author":[{"embeddable":true,"href":"https:\/\/timeinnportugal.com\/fr\/wp-json\/wp\/v2\/users\/1"}],"replies":[{"embeddable":true,"href":"https:\/\/timeinnportugal.com\/fr\/wp-json\/wp\/v2\/comments?post=4714"}],"version-history":[{"count":1,"href":"https:\/\/timeinnportugal.com\/fr\/wp-json\/wp\/v2\/listing\/4714\/revisions"}],"predecessor-version":[{"id":4715,"href":"https:\/\/timeinnportugal.com\/fr\/wp-json\/wp\/v2\/listing\/4714\/revisions\/4715"}],"wp:featuredmedia":[{"embeddable":true,"href":"https:\/\/timeinnportugal.com\/fr\/wp-json\/wp\/v2\/media\/4680"}],"wp:attachment":[{"href":"https:\/\/timeinnportugal.com\/fr\/wp-json\/wp\/v2\/media?parent=4714"}],"wp:term":[{"taxonomy":"listing_category","embeddable":true,"href":"https:\/\/timeinnportugal.com\/fr\/wp-json\/wp\/v2\/listing_category?post=4714"},{"taxonomy":"event_category","embeddable":true,"href":"https:\/\/timeinnportugal.com\/fr\/wp-json\/wp\/v2\/event_category?post=4714"},{"taxonomy":"service_category","embeddable":true,"href":"https:\/\/timeinnportugal.com\/fr\/wp-json\/wp\/v2\/service_category?post=4714"},{"taxonomy":"rental_category","embeddable":true,"href":"https:\/\/timeinnportugal.com\/fr\/wp-json\/wp\/v2\/rental_category?post=4714"},{"taxonomy":"classifieds_category","embeddable":true,"href":"https:\/\/timeinnportugal.com\/fr\/wp-json\/wp\/v2\/classifieds_category?post=4714"},{"taxonomy":"listing_feature","embeddable":true,"href":"https:\/\/timeinnportugal.com\/fr\/wp-json\/wp\/v2\/listing_feature?post=4714"},{"taxonomy":"region","embeddable":true,"href":"https:\/\/timeinnportugal.com\/fr\/wp-json\/wp\/v2\/region?post=4714"}],"curies":[{"name":"wp","href":"https:\/\/api.w.org\/{rel}","templated":true}]}}

<p>Localizado no Estádio do Sport Lisboa e Benfica, Luz by Chakall é mais do que um restaurante. Traz para a mesa os sabores do mundo e a gastronomia internacional para um palco de emoções indescritível.</p>
