{"id":4268,"date":"2024-06-17T13:06:53","date_gmt":"2024-06-17T13:06:53","guid":{"rendered":"https:\/\/timeinnportugal.com\/?post_type=listing&#038;p=4268"},"modified":"2024-10-23T13:27:42","modified_gmt":"2024-10-23T13:27:42","slug":"dear-breakfast","status":"publish","type":"listing","link":"https:\/\/timeinnportugal.com\/fr\/listing\/dear-breakfast\/","title":{"rendered":"Dear Breakfast"},"content":{"rendered":"<p>Dear Breakfast \u00e9 um caf\u00e9 com comidas matinais com ovos bem cozidos, caf\u00e9 requintado e suco com os quais vai querer come\u00e7ar todos os dias. A Dear Breakfast kitchen est\u00e1 aberta para os amantes do pequeno-almo\u00e7o de todo o lado, todos os dias, a partir das 9h, em quatro locais perto de si em Lisboa.<\/p>\n","protected":false},"author":1,"featured_media":4258,"comment_status":"open","ping_status":"closed","template":"","meta":[],"listing_category":[21],"event_category":[],"service_category":[137],"rental_category":[],"classifieds_category":[],"listing_feature":[],"region":[34],"class_list":["post-4268","listing","type-listing","status-publish","has-post-thumbnail","hentry","listing_category-eat-drink","service_category-contemporary","region-lisboa"],"jetpack_sharing_enabled":true,"_links":{"self":[{"href":"https:\/\/timeinnportugal.com\/fr\/wp-json\/wp\/v2\/listing\/4268","targetHints":{"allow":["GET"]}}],"collection":[{"href":"https:\/\/timeinnportugal.com\/fr\/wp-json\/wp\/v2\/listing"}],"about":[{"href":"https:\/\/timeinnportugal.com\/fr\/wp-json\/wp\/v2\/types\/listing"}],"author":[{"embeddable":true,"href":"https:\/\/timeinnportugal.com\/fr\/wp-json\/wp\/v2\/users\/1"}],"replies":[{"embeddable":true,"href":"https:\/\/timeinnportugal.com\/fr\/wp-json\/wp\/v2\/comments?post=4268"}],"version-history":[{"count":1,"href":"https:\/\/timeinnportugal.com\/fr\/wp-json\/wp\/v2\/listing\/4268\/revisions"}],"predecessor-version":[{"id":4269,"href":"https:\/\/timeinnportugal.com\/fr\/wp-json\/wp\/v2\/listing\/4268\/revisions\/4269"}],"wp:featuredmedia":[{"embeddable":true,"href":"https:\/\/timeinnportugal.com\/fr\/wp-json\/wp\/v2\/media\/4258"}],"wp:attachment":[{"href":"https:\/\/timeinnportugal.com\/fr\/wp-json\/wp\/v2\/media?parent=4268"}],"wp:term":[{"taxonomy":"listing_category","embeddable":true,"href":"https:\/\/timeinnportugal.com\/fr\/wp-json\/wp\/v2\/listing_category?post=4268"},{"taxonomy":"event_category","embeddable":true,"href":"https:\/\/timeinnportugal.com\/fr\/wp-json\/wp\/v2\/event_category?post=4268"},{"taxonomy":"service_category","embeddable":true,"href":"https:\/\/timeinnportugal.com\/fr\/wp-json\/wp\/v2\/service_category?post=4268"},{"taxonomy":"rental_category","embeddable":true,"href":"https:\/\/timeinnportugal.com\/fr\/wp-json\/wp\/v2\/rental_category?post=4268"},{"taxonomy":"classifieds_category","embeddable":true,"href":"https:\/\/timeinnportugal.com\/fr\/wp-json\/wp\/v2\/classifieds_category?post=4268"},{"taxonomy":"listing_feature","embeddable":true,"href":"https:\/\/timeinnportugal.com\/fr\/wp-json\/wp\/v2\/listing_feature?post=4268"},{"taxonomy":"region","embeddable":true,"href":"https:\/\/timeinnportugal.com\/fr\/wp-json\/wp\/v2\/region?post=4268"}],"curies":[{"name":"wp","href":"https:\/\/api.w.org\/{rel}","templated":true}]}}

<p>Dear Breakfast é um café com comidas matinais com ovos bem cozidos, café requintado e suco com os quais vai querer começar todos os dias. A Dear Breakfast kitchen está aberta para os amantes do pequeno-almoço de todo o lado, todos os dias, a partir das 9h, em quatro locais perto de si em Lisboa.</p>
